*s + 6. Let x be n(-13). Suppose 5*j = 5*d + x, -5*d - 122 = -4*j - 36. Calculate the remainder when 190 is divided by j.
22
Let k(z) = z**3 + 950*z**2 + 8458*z + 1. Suppose v = 3, -4*d + v + 29 = -2*d. What is the remainder when k(-9) is divided by d?
4
What is the remainder when (2170/(-20) + 17)/(3/(-4)) is divided by 31?
29
Let j = -919 + 1004. Suppose -5*d + j = 5*h, 0*d + 4*d = -2*h + 58. Calculate the remainder when 838 is divided by d.
10
Suppose -25 = -5*w, 5*x + 35 = -0*x - 3*w. What is the remainder when ((-126)/30 - -4) + (-1052)/x is divided by 14?
7
Let x = -19894 + 20052. What is the remainder when 283 is divided by x?
125
Let g = -24 - -51. Let b be (-57)/2*(-18)/g. Suppose -24*a = -b*a - 325. Calculate the remainder when a is divided by 17.
14
Let m be 1/((-88)/17936) + 2/(-11). Let l = 227 + m. What is the remainder when l is divided by 9?
5
Suppose -12*j = -3*j - 1944. Suppose 0 = -4*i + 4*q - j, -i - i + 5*q - 105 = 0. Let v = 72 - i. Calculate the remainder when v is divided by 26.
23
Let h = 195 - -143. What is the remainder when h is divided by 4*(57/(-42) - -1)*-14?
18
Let n be (-195)/(-35) - (-8)/(-14). Suppose 632 = n*y + 3*v, -y + 3*v - 17 + 129 = 0. Calculate the remainder when y is divided by 9.
7
Suppose y + 3 = -5*k - 17, 0 = k + 4. Suppose -4*o + 157 + 63 = y. What is the remainder when o is divided by 12?
7
Suppose 44 = 14*o - 10*o. Suppose 5*z = -2*l + 238, 3*z + l - o = 131. Let h = z + -6. Calculate the remainder when 117 is divided by h.
37
Suppose 3*b = 3*d + 1068 - 1188, -4*b - 90 = -2*d. Let c(p) = 3*p**2 + 10*p + 5. What is the remainder when c(-14) is divided by d?
33
Let s = -37 + 45. Suppose -3*t = -10 - 17. Let a = t + 2. What is the remainder when a is divided by s?
3
Let l(m) = -m**2 + 6*m - 4. Let x be l(4). Suppose 3*n - 179 - x = 0. What is the remainder when n is divided by 14?
5
Suppose 0*d = 3*d. Let w(x) = 3*x**2 - 44*x + 50. Calculate the remainder when w(17) is divided by 1 + (3*14 - d).
40
Suppose -74*a + 79526 = -40*a. What is the remainder when a is divided by 78?
77
Suppose -238 = -8*w + 16*w - 1630. Calculate the remainder when 1213 is divided by w.
169
Suppose 3*a + 69 = 3*c, -2*c - 2*a + 14 = -c. Suppose -d = f - 421, 22*d - 4*f - 818 = c*d. What is the remainder when d is divided by 60?
57
Suppose 0 = 3*b - 2*b + 36. Let s be (-204)/b + 4/(-6). Calculate the remainder when 72 is divided by (-42)/((-1)/s + 18/(-10)).
9
Let v(u) = 161*u + 5114. What is the remainder when v(42) is divided by 220?
216
Suppose -8*u = 58 + 238. Let n = 70 + u. Let j(i) = -i**3 + 15*i**2 - i - 51. Calculate the remainder when j(14) is divided by n.
32
Suppose 122*c - 132*c = -240. Suppose 0 = 3*z + 71 - 491. Suppose 0*g = -2*g + z. Calculate the remainder when g is divided by c.
22
Suppose -15*a = -816 - 369. What is the remainder when 101 is divided by a?
22
Let b be (3/12 + 2)*(0 - -4). Suppose -4*k = 2*a, k + 0*k = -5*a + b. Suppose -a*o - 1 = -m, 6*m - m = 4*o + 23. What is the remainder when 12 is divided by m?
5
Let r = 4304 + -3406. What is the remainder when r is divided by 12?
10
Let l(b) = -2*b - 2. Suppose 13*x - 14*x = 4*t - 30, -5*t - x + 36 = 0. What is the remainder when l(-5) is divided by t?
2
Suppose 264 = 13*m - m. Let j(b) = -b**2 + 34*b + 33. Calculate the remainder when j(m) is divided by 30.
27
Suppose -2*n = 265 - 501. Let s = 143 - n. What is the remainder when 63 is divided by s?
13
Let q = 17 + -8. Let o(p) = -99*p**3 - p - 1. Let n be o(-1). Let i = n + -83. What is the remainder when i is divided by q?
7
Let o = 27396 - 26166. Calculate the remainder when o is divided by 22.
20
Let y(t) = 3*t**2 - 3*t - 2. Let l be y(-1). Suppose 3*z = j - 863, -z - 387 = -l*j - 103. Let h = z + 438. Calculate the remainder when h is divided by 19.
17
Suppose -15589 - 9251 = -108*n. What is the remainder when n is divided by 76?
2
Suppose -n - 1229 = -3*j, 0 = 3*j - 9*n + 4*n - 1249. Suppose -j = 4*z + 16. Let u = -71 - z. What is the remainder when u is divided by 4?
3
Let o = -421449 - -421573. Let i be ((-9)/(-12))/(2/136). Let b = -19 + i. What is the remainder when o is divided by b?
28
Let h(w) = 7*w**3 - 2*w - 1. Let u be h(-1). Calculate the remainder when 208 is divided by (-4)/(u/105*5).
12
Let k = 18949 + -18132. Calculate the remainder when 824 is divided by k.
7
Let l(h) = h**3 + 7*h**2 - 8*h + 11. Suppose 5*a - 4 = -3*p + 5*p, 3*p = 2*a + 5. Suppose -a = 4*j + 30. What is the remainder when 108 is divided by l(j)?
9
Let b(y) = -y**3 - 23*y**2 - 48*y - 560. What is the remainder when 804 is divided by b(-22)?
0
Let g(f) = 58*f - 1096. Let u(s) = s - 3. Let l be u(5). Calculate the remainder when l/6*(67 - 1) is divided by g(19).
4
Suppose b - 3 = 2*c, -9*b + 3 = -c - 8*b. Suppose 10*s - 156 - 244 = c. What is the remainder when 359 is divided by s?
39
Let s = -11 - -21. Let j(x) = 10*x - 13. Calculate the remainder when j(s) is divided by (-35)/175 - 453/(-15).
27
Let y = 9990 - 9922. Calculate the remainder when y is divided by 11.
2
Suppose 5*j = -2*d + 2271, -63*d + 5687 = -58*d + 3*j. What is the remainder when d is divided by 90?
58
Let d(a) = -a**3 - 17*a**2 + 9. Let v be d(-17). Suppose -23*m + 10 = -18*m. Calculate the remainder when v/(-6)*16/(-3) is divided by m.
0
Suppose -525 = 10*m - 3455. Calculate the remainder when m is divided by 10*(5 - 4) + 2*2.
13
Suppose -4*t = -3*y - 552, -t + 11*y = 9*y - 143. What is the remainder when t is divided by 75?
60
Let b be 13 + (-4 - 2) - (-1 - -5). What is the remainder when 69/(-9) + 8 + 140/b is divided by 25?
22
Suppose -3*p + 5*x = -262 - 64, 317 = 3*p + 4*x. Suppose 12*a + 20 = 7*a. Calculate the remainder when p is divided by (-6)/(-4) + (-138)/a.
35
Suppose 0 = 2*h + 3*k - 74, -37*k + 39*k = h - 51. Calculate the remainder when 4633 is divided by h.
32
Suppose 68*t - 12543 = 9*t + 22*t. Calculate the remainder when t is divided by 80.
19
Let d = -194 - -192. What is the remainder when ((-11)/(-33))/(626/312 + d) is divided by 33?
19
Let m(o) = o**2 - 106*o - 2484. Suppose -2*c - 3*q + 19 = 0, 0 = 3*c + 5*q - 5 - 26. What is the remainder when m(-20) is divided by c?
0
What is the remainder when (-27146)/(-294)*(-5)/(15/(-9)) is divided by 149?
128
Let l(n) = 12*n - 18*n**2 + 17*n**2 + 0*n - 9. Let r be l(10). Suppose -4*q + 60 = 4*y, q - r = -2*y - 0. Calculate the remainder when q is divided by 5.
4
Suppose 7*t + 240 = -5*t. Let u(y) = y**3 + 18*y**2 - 37*y + 61. What is the remainder when 18 is divided by u(t)?
0
Let f(x) = -x**2 - 8*x + 291. Let r = 154 - 68. Calculate the remainder when r is divided by f(13).
14
Suppose 0 = 486*x - 602*x + 43616. What is the remainder when 1144 is divided by x?
16
Suppose -4*h = -c - 20, 2*h + 4*c - 10 = -0*h. Suppose 0 = -h*s + z + 108 + 163, -4*z = -16. What is the remainder when s is divided by (3/(-2))/(3/(-40))?
15
Let p(r) = 413*r**3 + 2*r**2 - 3*r - 1. Calculate the remainder when p(1) is divided by 192.
27
What is the remainder when 159 is divided by (-66)/(-2) - (-169 + 185)?
6
Let k(r) = 24*r**2 - 8*r - 19. Let u be k(-5). Let n = u + -589. What is the remainder when 510 is divided by n?
30
Let d = -150 - -103. Suppose -c + 122 = -5*t, -5*t + 588 = 5*c - c. Let y = d + c. What is the remainder when y is divided by 32?
31
Let b = -45 + 63. Let n(m) = 2*m**3 + 2*m**2 - m + 11. Let z be n(-3). Calculate the remainder when 9558/297 - ((-70)/z - 3) is divided by b.
14
Let w = -788 - -806. Suppose -w*t = -12*t - 12. Calculate the remainder when 3 is divided by t.
1
Let n = 585 + -583. Suppose d - t - 25 = 0, n*d + 4 = -3*t + 29. Calculate the remainder when 178 is divided by d.
18
Let h(i) = -i**3 - 13*i**2 - 30*i + 18. Suppose -12 = b + v, 11*b + 52 = 6*b - v. Calculate the remainder when 284 is divided by h(b).
14
Let f(a) = -24*a**2 - 1662*a - 85. Calculate the remainder when f(-69) is divided by 329.
0
Let v(p) = p**2 - 9*p + 22. Let t be 85/25 + (-10)/25. Suppose 11 = 2*m + 4*s - s, -t*s = m - 4. What is the remainder when 102 is divided by v(m)?
6
Let j(q) = q**2 - 9*q - 1. Let a be (-2)/4 - (2 + (-33)/6). Suppose -a*k - o = -73, 0 = 3*k - 3*o - 79 + 10. What is the remainder when k is divided by j(10)?
6
Suppose 1903 = -185*f + 190*f + 3*c, -c = f - 379. What is the r